rue
Is 4417 composite?
True
Is 6547 a prime number?
True
Is 12394 composite?
True
Is 7721 a prime number?
False
Is 36541 a composite number?
False
Is 234317 a composite number?
False
Is 93809 prime?
True
Is 105977 composite?
False
Is 240619 composite?
True
Is 6709 composite?
False
Is 2505401 a prime number?
True
Is 4201 prime?
True
Is 15545 prime?
False
Is 835 a prime number?
False
Is 473923 a composite number?
False
Is 74131 prime?
True
Is 16869 composite?
True
Is 7349 composite?
False
Is 74771 a composite number?
False
Is 31111 composite?
True
Is 13033 a composite number?
False
Is 28513 a prime number?
True
Is 27127 prime?
True
Is 2395 composite?
True
Is 16843 prime?
True
Is 6779 a prime number?
True
Is 160142 composite?
True
Is 9014 composite?
True
Is 94403 a composite number?
True
Is 273886 composite?
True
Is 45583 prime?
False
Is 180627 a composite number?
True
Is 48091 a prime number?
True
Is 1236583 composite?
False
Is 1508947 composite?
True
Is 42737 prime?
True
Is 561761 a prime number?
True
Is 260519 a prime number?
False
Is 1647029 a prime number?
False
Is 976611 prime?
False
Is 148549 a composite number?
False
Is 5077 composite?
False
Is 3946 a prime number?
False
Is 3456511 composite?
False
Is 3389 a prime number?
True
Is 1685 a composite number?
True
Is 1795 a composite number?
True
Is 28271 a prime number?
False
Is 159 prime?
False
Is 63203 prime?
False
Is 68987 prime?
False
Is 547999 a composite number?
False
Is 154221 a composite number?
True
Is 12151 a composite number?
True
Is 34057 composite?
False
Is 1472239 a prime number?
True
Is 5215961 composite?
False
Is 1078793 composite?
True
Is 3802 prime?
False
Is 23105 composite?
True
Is 463949 prime?
True
Is 204922 prime?
False
Is 69809 composite?
False
Is 216329 composite?
False
Is 110183 a prime number?
True
Is 9100787 a prime number?
True
Is 70657 composite?
False
Is 176189 composite?
True
Is 619967 prime?
True
Is 58471 a composite number?
True
Is 59477 composite?
True
Is 4661 prime?
False
Is 54409 prime?
True
Is 425267 a prime number?
False
Is 1478491 prime?
False
Is 39283 prime?
False
Is 691 a prime number?
True
Is 2221537 a prime number?
False
Is 48073 a prime number?
True
Is 65921 composite?
False
Is 1052413 a prime number?
True
Is 11957 composite?
True
Is 10397 a prime number?
False
Is 666811 composite?
False
Is 107827 composite?
False
Is 739207 a prime number?
False
Is 27091 a prime number?
True
Is 68703 a prime number?
False
Is 487 prime?
True
Is 8953 prime?
False
Is 17795 composite?
True
Is 36145 a prime number?
False
Is 809909 a prime number?
True
Is 114233 composite?
True
Is 64571 a prime number?
False
Is 467009 a prime number?
True
Is 633127 a composite number?
True
Is 20161 a composite number?
False
Is 12929 prime?
False
Is 27553 prime?
False
Is 17077 a composite number?
False
Is 2899987 prime?
False
Is 3113 composite?
True
Is 597197 a prime number?
False
Is 123229 composite?
False
Is 6979 a composite number?
True
Is 33377 composite?
False
Is 11269 a prime number?
False
Is 4831271 prime?
False
Is 833531 a prime number?
False
Is 45523 a composite number?
False
Is 168529 composite?
True
Is 43513 a composite number?
True
Is 1119901 composite?
True
Is 261109 prime?
False
Is 20921 a composite number?
False
Is 24347 a prime number?
False
Is 42947 prime?
False
Is 12229 prime?
False
Is 38923 a prime number?
True
Is 15397 a composite number?
True
Is 35263 a prime number?
False
Is 5897 composite?
False
Is 1457 a composite number?
True
Is 50767 prime?
True
Is 2911307 a composite number?
True
Is 307913 a composite number?
True
Is 49253 a prime number?
True
Is 143053 composite?
False
Is 2459 a composite number?
False
Is 26801 composite?
False
Is 6523 composite?
True
Is 116713 a composite number?
True
Is 78209 composite?
True
Is 1816901 composite?
False
Is 415843 prime?
False
Is 39781 prime?
False
Is 85 a prime number?
False
Is 463322 composite?
True
Is 580471 a prime number?
True
Is 283967 composite?
True
Is 1777 a composite number?
False
Is 55489 a composite number?
True
Is 168583 a prime number?
False
Is 142757 prime?
True
Is 1301749 prime?
False
Is 794531 a composite number?
False
Is 30397 prime?
False
Is 7559 a composite number?
False
Is 1759 composite?
False
Is 924961 a composite number?
False
Is 287435 a prime number?
False
Is 1115009 a composite number?
True
Is 23093 a prime number?
False
Is 34739 composite?
False
Is 136567 prime?
False
Is 28879 a composite number?
False
Is 577097 composite?
False
Is 98447 composite?
True
Is 31237 a composite number?
False
Is 38113 prime?
True
Is 73913 a composite number?
True
Is 378199 composite?
True
Is 4699 composite?
True
Is 88129 composite?
False
Is 55579 a prime number?
True
Is 2039 composite?
False
Is 248551 a prime number?
False
Is 27647 prime?
True
Is 699737 a prime number?
False
Is 35087 a composite number?
True
Is 28829 a prime number?
False
Is 17833 a prime number?
False
Is 3085 a composite number?
True
Is 95759 a prime number?
False
Is 92467 composite?
False
Is 60589 prime?
True
Is 237539 composite?
True
Is 371419 composite?
True
Is 7283 a composite number?
False
Is 29657 a prime number?
False
Is 46286 a prime number?
False
Is 15109 prime?
False
Is 18206 a composite number?
True
Is 82765 a prime number?
False
Is 45457 a composite number?
True
Is 386167 a prime number?
False
Is 71693 composite?
False
Is 1522769 a composite number?
False
Is 7057 a composite number?
False
Is 698891 composite?
False
Is 1127515 composite?
True
Is 6403 a prime number?
False
Is 1254079 prime?
True
Is 9103 composite?
False
Is 152159 prime?
False
Is 51893 a composite number?
False
Is 299843 composite?
False
Is 111 composite?
True
Is 369247 composite?
False
Is 30367 composite?
False
Is 4369 prime?
False
Is 47051 a composite number?
False
Is 24733 prime?
True
Is 123843 a composite number?
True
Is 43033 a composite number?
True
Is 9311 prime?
True
Is 238353 a composite number?
True
Is 160723 composite?
False
Is 55371 a composite number?
True
Is 92237 a prime number?
True
Is 23729 composite?
True
Is 4183 a prime number?
False
Is 35755 a prime number?
False
Is 71569 a composite number?
False
Is 302399 a composite number?
False
Is 846109 composite?
True
Is 2771 prime?
False
Is 37253 a composite number?
False
Is 327189 a prime number?
False
Is 94795 a composite number?
True
Is 329489 a composite number?
False
Is 61877 composite?
True
Is 197503 prime?
False
Is 11777 a prime number?
True
Is 2333 prime?
True
Is 102941 a composite number?
True
Is 1355 composite?
True
Is 63221 composite?
True
Is 43481 a prime number?
True
Is 2513 a prime number?
False
Is 74199 composite?
True
Is 3589 a prime number?
False
Is 11027 composite?
False
Is 1227 a prime number?
False
Is 1511 prime?
True
Is 3998299 a composite number?
False
Is 321101 composite?
True
Is 15034 prime?
False
Is 220693 a prime number?
False
Is 2719 composite?
False
Is 891913 composite?
True
Is 2432483 composite?
False
Is 84041 a composite number?
True
Is 279289 a prime number?
False
Is 126169 a prime number?
False
Is 519457 composite?
False
Is 57991 a prime number?
True
Is 391273 prime?
True
Is 75995 a composite number?
True
Is 9479 composite?
False
Is 1316749 a composite number?
True
Is 4853 prime?
False
Is 2078243 a composite number?
False
Is 184517 a composite number?
False
Is 106259 a composite number?
True
Is 17687 prime?
False
Is 63763 a prime number?
False
Is 55457 prime?
True
Is 2561 a prime number?
False
Is 270295 composite?
True
Is 18899 a prime number?
True
Is 66329 a prime number?
False
Is 182999 prime?
True
Is 953 prime?
True
Is 593641 a prime number?
True
Is 53923 a prime number?
True
Is 48478 prime?
False
Is 12763 a prime number?
True
Is 164695 prime?
False
Is 401701 prime?
False
Is 38163 composite?
True
Is 701815 composite?
True
Is 350657 composite?
False
Is 121827 prime?
False
Is 368162 prime?
False
Is 2111 a composite number?
False
Is 151391 a composite number?
False
Is 48005 a prime number?
False
Is 10477 composite?
False
Is 504766 a prime number?
False
Is 71503 prime?
True
Is 236609 a prime number?
True
Is 1594223 a prime number?
True
Is 280999 composite?
True
Is 293 prime?
True
Is 45481 a prime number?
True
Is 787 prime?
True
Is 2181 composite?
True
Is 10487 prime?
True
Is 5051 com